{"id":11,"date":"2021-07-13T11:21:17","date_gmt":"2021-07-13T11:21:17","guid":{"rendered":"http:\/\/192.168.0.108\/bizup\/?page_id=11"},"modified":"2023-05-19T15:59:59","modified_gmt":"2023-05-19T15:59:59","slug":"quem-somos","status":"publish","type":"page","link":"https:\/\/approland.com\/approland\/quem-somos\/","title":{"rendered":"Quem somos"},"content":{"rendered":"\t\t<div data-elementor-type=\"wp-page\" data-elementor-id=\"11\" class=\"elementor elementor-11\">\n\t\t\t\t\t\t\t\t\t<section class=\"elementor-section elementor-top-section elementor-element elementor-element-acc4455 elementor-section-stretched elementor-section-content-middle elementor-section-boxed elementor-section-height-default elementor-section-height-default\" data-id=\"acc4455\" data-element_type=\"section\" data-settings=\"{&quot;stretch_section&quot;:&quot;section-stretched&quot;,&quot;background_background&quot;:&quot;classic&quot;}\">\n\t\t\t\t\t\t<div class=\"elementor-container elementor-column-gap-default\">\n\t\t\t\t\t<div class=\"elementor-column elementor-col-50 elementor-top-column elementor-element elementor-element-025e3e9\" data-id=\"025e3e9\" data-element_type=\"column\">\n\t\t\t<div class=\"elementor-widget-wrap elementor-element-populated\">\n\t\t\t\t\t\t\t\t<div class=\"elementor-element elementor-element-a783a46 elementor-widget elementor-widget-rs-heading\" data-id=\"a783a46\" data-element_type=\"widget\" data-widget_type=\"rs-heading.default\">\n\t\t\t\t<div class=\"elementor-widget-container\">\n\t\t\t\n        <div class=\"prelements-heading default animate-style3 left\">\n        \t<div class=\"title-inner\"> \n\t        \t       \t\t      \t\t\n\t            <span class=\"sub-text\"> <span class=\"pre-heading-line1\"><\/span>QUEM SOMOS<\/span><h2 class=\"title\"><span class=\"watermark\"><\/span>APPROLAND PRESTA\u00c7\u00c3O DE SERVI\u00c7OS, LDA<\/h2>\t\t\t\t\n\t\t\t\t\t        <\/div>\n\t                    \t<div class=\"description\">\n            \t\t            \t\t<p>\u00c9 uma empresa Prestadora de servi\u00e7os, que tem como objecto principal o Exerc\u00edcio da actividade de Fiscaliza\u00e7\u00e3o de Obras, Consultoria, Projectos e a realiza\u00e7\u00e3o de Ensaios Laboratoriais e Servi\u00e7os de Planeamento de Obra. \u00c9 uma empresa Angolana com profundos estudos nos ensaios especiais em bet\u00f5es convencionais, massa, bet\u00f5es compactados com Cilindro, betuminosos, solos, servi\u00e7os de or\u00e7amenta\u00e7\u00e3o e outros servi\u00e7os laboratoriais voltados para as \u00e1reas das engenharias visando fins exclusivamente colectivos, de modo a contribuir na maior satisfa\u00e7\u00e3o dos nossos clientes.<\/p>  \n            \t<\/div>\n        \t        <\/div>\n        \t\t<\/div>\n\t\t\t\t<\/div>\n\t\t\t\t<div class=\"elementor-element elementor-element-68891e6 elementor-widget elementor-widget-text-editor\" data-id=\"68891e6\" data-element_type=\"widget\" data-widget_type=\"text-editor.default\">\n\t\t\t\t<div class=\"elementor-widget-container\">\n\t\t\t<style>\/*! elementor - v3.13.2 - 11-05-2023 *\/\n.elementor-widget-text-editor.elementor-drop-cap-view-stacked .elementor-drop-cap{background-color:#69727d;color:#fff}.elementor-widget-text-editor.elementor-drop-cap-view-framed .elementor-drop-cap{color:#69727d;border:3px solid;background-color:transparent}.elementor-widget-text-editor:not(.elementor-drop-cap-view-default) .elementor-drop-cap{margin-top:8px}.elementor-widget-text-editor:not(.elementor-drop-cap-view-default) .elementor-drop-cap-letter{width:1em;height:1em}.elementor-widget-text-editor .elementor-drop-cap{float:left;text-align:center;line-height:1;font-size:50px}.elementor-widget-text-editor .elementor-drop-cap-letter{display:inline-block}<\/style>\t\t\t\t\t\t\t\t\t\t<\/div>\n\t\t\t\t<\/div>\n\t\t\t\t\t<\/div>\n\t\t<\/div>\n\t\t\t\t<div class=\"elementor-column elementor-col-50 elementor-top-column elementor-element elementor-element-09a9357\" data-id=\"09a9357\" data-element_type=\"column\" data-settings=\"{&quot;background_background&quot;:&quot;classic&quot;}\">\n\t\t\t<div class=\"elementor-widget-wrap elementor-element-populated\">\n\t\t\t\t\t\t\t\t<section class=\"elementor-section elementor-inner-section elementor-element elementor-element-55e2780 elementor-section-boxed elementor-section-height-default elementor-section-height-default\" data-id=\"55e2780\" data-element_type=\"section\">\n\t\t\t\t\t\t<div class=\"elementor-container elementor-column-gap-default\">\n\t\t\t\t\t<div class=\"elementor-column elementor-col-100 elementor-inner-column elementor-element elementor-element-8a7e047\" data-id=\"8a7e047\" data-element_type=\"column\" data-settings=\"{&quot;background_background&quot;:&quot;classic&quot;}\">\n\t\t\t<div class=\"elementor-widget-wrap elementor-element-populated\">\n\t\t\t\t\t\t\t\t<div class=\"elementor-element elementor-element-3a8baf2 elementor-widget elementor-widget-rs-image-shabe-animation-effect\" data-id=\"3a8baf2\" data-element_type=\"widget\" data-widget_type=\"rs-image-shabe-animation-effect.default\">\n\t\t\t\t<div class=\"elementor-widget-container\">\n\t\t\t\n        <div class=\"rs-animation-shape-image\">\n\n            \n\n                            <div class=\"middle-image\">\n                    <img decoding=\"async\" src=\"https:\/\/approland.com\/approland\/wp-content\/uploads\/2023\/05\/IMG22P.png\" alt=\"image\"\/>\n                <\/div>\n            \n\n            \n\n            \n\n\n        <\/div>      \n    \t\t<\/div>\n\t\t\t\t<\/div>\n\t\t\t\t\t<\/div>\n\t\t<\/div>\n\t\t\t\t\t\t\t<\/div>\n\t\t<\/section>\n\t\t\t\t\t<\/div>\n\t\t<\/div>\n\t\t\t\t\t\t\t<\/div>\n\t\t<\/section>\n\t\t\t\t<section class=\"elementor-section elementor-top-section elementor-element elementor-element-40a1b57 elementor-section-boxed elementor-section-height-default elementor-section-height-default\" data-id=\"40a1b57\" data-element_type=\"section\">\n\t\t\t\t\t\t<div class=\"elementor-container elementor-column-gap-default\">\n\t\t\t\t\t<div class=\"elementor-column elementor-col-100 elementor-top-column elementor-element elementor-element-5cbb485\" data-id=\"5cbb485\" data-element_type=\"column\">\n\t\t\t<div class=\"elementor-widget-wrap elementor-element-populated\">\n\t\t\t\t\t\t\t\t<section class=\"elementor-section elementor-inner-section elementor-element elementor-element-5c40136 elementor-section-content-middle elementor-section-boxed elementor-section-height-default elementor-section-height-default\" data-id=\"5c40136\" data-element_type=\"section\">\n\t\t\t\t\t\t<div class=\"elementor-container elementor-column-gap-default\">\n\t\t\t\t\t<div class=\"elementor-column elementor-col-50 elementor-inner-column elementor-element elementor-element-8f8d58e\" data-id=\"8f8d58e\" data-element_type=\"column\" data-settings=\"{&quot;background_background&quot;:&quot;classic&quot;}\">\n\t\t\t<div class=\"elementor-widget-wrap\">\n\t\t\t\t\t\t\t\t\t<\/div>\n\t\t<\/div>\n\t\t\t\t<div class=\"elementor-column elementor-col-50 elementor-inner-column elementor-element elementor-element-e3543d9\" data-id=\"e3543d9\" data-element_type=\"column\" data-settings=\"{&quot;background_background&quot;:&quot;classic&quot;}\">\n\t\t\t<div class=\"elementor-widget-wrap elementor-element-populated\">\n\t\t\t\t\t\t\t\t<div class=\"elementor-element elementor-element-deefabe elementor-widget elementor-widget-rs-heading\" data-id=\"deefabe\" data-element_type=\"widget\" data-widget_type=\"rs-heading.default\">\n\t\t\t\t<div class=\"elementor-widget-container\">\n\t\t\t\n        <div class=\"prelements-heading default animate-style3 left\">\n        \t<div class=\"title-inner\"> \n\t        \t       \t\t      \t\t\n\t            \t\t\t\t\n\t\t\t\t\t        <\/div>\n\t                    \t<div class=\"description\">\n            \t\t            \t\t<p>Tendo em conta as obras direccionadas para os diversos sectores, recorremos, por meio desta, expor e demonstrar a nossa integral disponibilidade para colaborar directa e indirectamente com as organiza\u00e7\u00f5es como prestador de servi\u00e7o porque, acreditamos que os nossos servi\u00e7os mencionados a cima podem ser de mais valia para o desenvolvimento e satisfa\u00e7\u00e3o dos nossos clientes<\/p>  \n            \t<\/div>\n        \t        <\/div>\n        \t\t<\/div>\n\t\t\t\t<\/div>\n\t\t\t\t\t<\/div>\n\t\t<\/div>\n\t\t\t\t\t\t\t<\/div>\n\t\t<\/section>\n\t\t\t\t\t<\/div>\n\t\t<\/div>\n\t\t\t\t\t\t\t<\/div>\n\t\t<\/section>\n\t\t\t\t\t\t\t<\/div>\n\t\t","protected":false},"excerpt":{"rendered":"<p>QUEM SOMOS APPROLAND PRESTA\u00c7\u00c3O DE SERVI\u00c7OS, LDA \u00c9 uma empresa Prestadora de servi\u00e7os, que tem como objecto principal o Exerc\u00edcio da actividade de Fiscaliza\u00e7\u00e3o de Obras, Consultoria, Projectos e a realiza\u00e7\u00e3o de Ensaios Laboratoriais e Servi\u00e7os de Planeamento de Obra. \u00c9 uma empresa Angolana com profundos estudos nos ensaios especiais em bet\u00f5es convencionais, massa, bet\u00f5es&#8230;<\/p>\n","protected":false},"author":1,"featured_media":0,"parent":0,"menu_order":0,"comment_status":"closed","ping_status":"closed","template":"","meta":{"footnotes":""},"class_list":["post-11","page","type-page","status-publish","hentry"],"_links":{"self":[{"href":"https:\/\/approland.com\/approland\/wp-json\/wp\/v2\/pages\/11","targetHints":{"allow":["GET"]}}],"collection":[{"href":"https:\/\/approland.com\/approland\/wp-json\/wp\/v2\/pages"}],"about":[{"href":"https:\/\/approland.com\/approland\/wp-json\/wp\/v2\/types\/page"}],"author":[{"embeddable":true,"href":"https:\/\/approland.com\/approland\/wp-json\/wp\/v2\/users\/1"}],"replies":[{"embeddable":true,"href":"https:\/\/approland.com\/approland\/wp-json\/wp\/v2\/comments?post=11"}],"version-history":[{"count":111,"href":"https:\/\/approland.com\/approland\/wp-json\/wp\/v2\/pages\/11\/revisions"}],"predecessor-version":[{"id":28295,"href":"https:\/\/approland.com\/approland\/wp-json\/wp\/v2\/pages\/11\/revisions\/28295"}],"wp:attachment":[{"href":"https:\/\/approland.com\/approland\/wp-json\/wp\/v2\/media?parent=11"}],"curies":[{"name":"wp","href":"https:\/\/api.w.org\/{rel}","templated":true}]}}